{"id":17,"date":"2015-07-16T10:41:12","date_gmt":"2015-07-16T08:41:12","guid":{"rendered":"http:\/\/www.kaminbau-grothe.de\/?page_id=17"},"modified":"2015-11-17T13:07:31","modified_gmt":"2015-11-17T11:07:31","slug":"produkte","status":"publish","type":"page","link":"http:\/\/www.kaminbau-grothe.de\/?page_id=17","title":{"rendered":"Produkte"},"content":{"rendered":"<p style=\"text-align: left;\">Bereits seit 3 Generationen liegt uns die Kundenzufriedenheit besonders am Herzen!<\/p>\n<p style=\"text-align: left;\">Jeder Kunde ist anders, jeder Wunsch speziell. Bei uns werden Sie fachm\u00e4nnisch beraten,<br \/>\nvon der Planung bis zur Ausf\u00fchrung individuell auf Sie abgestimmt.<\/p>\n<p style=\"text-align: left;\">Egal f\u00fcr welches Produkt Sie sich entscheiden.<\/p>\n","protected":false},"excerpt":{"rendered":"<p>Bereits seit 3 Generationen liegt uns die Kundenzufriedenheit besonders am Herzen! Jeder Kunde ist anders, jeder Wunsch speziell. Bei uns werden Sie fachm\u00e4nnisch beraten, von der Planung bis zur Ausf\u00fchrung individuell auf Sie abgestimmt. Egal f\u00fcr welches Produkt Sie sich<\/p>\n","protected":false},"author":1,"featured_media":49,"parent":0,"menu_order":0,"comment_status":"closed","ping_status":"closed","template":"","meta":[],"_links":{"self":[{"href":"http:\/\/www.kaminbau-grothe.de\/index.php?rest_route=\/wp\/v2\/pages\/17"}],"collection":[{"href":"http:\/\/www.kaminbau-grothe.de\/index.php?rest_route=\/wp\/v2\/pages"}],"about":[{"href":"http:\/\/www.kaminbau-grothe.de\/index.php?rest_route=\/wp\/v2\/types\/page"}],"author":[{"embeddable":true,"href":"http:\/\/www.kaminbau-grothe.de\/index.php?rest_route=\/wp\/v2\/users\/1"}],"replies":[{"embeddable":true,"href":"http:\/\/www.kaminbau-grothe.de\/index.php?rest_route=%2Fwp%2Fv2%2Fcomments&post=17"}],"version-history":[{"count":5,"href":"http:\/\/www.kaminbau-grothe.de\/index.php?rest_route=\/wp\/v2\/pages\/17\/revisions"}],"predecessor-version":[{"id":155,"href":"http:\/\/www.kaminbau-grothe.de\/index.php?rest_route=\/wp\/v2\/pages\/17\/revisions\/155"}],"wp:featuredmedia":[{"embeddable":true,"href":"http:\/\/www.kaminbau-grothe.de\/index.php?rest_route=\/wp\/v2\/media\/49"}],"wp:attachment":[{"href":"http:\/\/www.kaminbau-grothe.de\/index.php?rest_route=%2Fwp%2Fv2%2Fmedia&parent=17"}],"curies":[{"name":"wp","href":"https:\/\/api.w.org\/{rel}","templated":true}]}}